{"id":24848,"date":"2026-02-21T09:47:23","date_gmt":"2026-02-21T08:47:23","guid":{"rendered":"https:\/\/www.rajfrance.org\/fr\/?post_type=product&#038;p=24848"},"modified":"2026-02-21T09:48:24","modified_gmt":"2026-02-21T08:48:24","slug":"cotisation-eleve-avocat-adherent-rajf","status":"publish","type":"product","link":"http:\/\/www.rajfrance.org\/fr\/product\/cotisation-eleve-avocat-adherent-rajf\/","title":{"rendered":"Cotisation \u00e9l\u00e8ve avocat adh\u00e9rent RAJF"},"content":{"rendered":"<p>Cotisation annuelle \u00e9l\u00e8ve avocat adh\u00e9rent RAJF<\/p>\n","protected":false},"excerpt":{"rendered":"<p>Cotisation annuelle &eacute;l&egrave;ve avocat adh&eacute;rent RAJF<\/p>\n","protected":false},"featured_media":23963,"template":"","meta":[],"product_brand":[],"product_cat":[65],"product_tag":[],"class_list":{"0":"post-24848","1":"product","2":"type-product","3":"status-publish","4":"has-post-thumbnail","6":"product_cat-cotisation","8":"first","9":"instock","10":"downloadable","11":"virtual","12":"purchasable","13":"product-type-simple"},"_links":{"self":[{"href":"http:\/\/www.rajfrance.org\/fr\/wp-json\/wp\/v2\/product\/24848","targetHints":{"allow":["GET"]}}],"collection":[{"href":"http:\/\/www.rajfrance.org\/fr\/wp-json\/wp\/v2\/product"}],"about":[{"href":"http:\/\/www.rajfrance.org\/fr\/wp-json\/wp\/v2\/types\/product"}],"wp:featuredmedia":[{"embeddable":true,"href":"http:\/\/www.rajfrance.org\/fr\/wp-json\/wp\/v2\/media\/23963"}],"wp:attachment":[{"href":"http:\/\/www.rajfrance.org\/fr\/wp-json\/wp\/v2\/media?parent=24848"}],"wp:term":[{"taxonomy":"product_brand","embeddable":true,"href":"http:\/\/www.rajfrance.org\/fr\/wp-json\/wp\/v2\/product_brand?post=24848"},{"taxonomy":"product_cat","embeddable":true,"href":"http:\/\/www.rajfrance.org\/fr\/wp-json\/wp\/v2\/product_cat?post=24848"},{"taxonomy":"product_tag","embeddable":true,"href":"http:\/\/www.rajfrance.org\/fr\/wp-json\/wp\/v2\/product_tag?post=24848"}],"curies":[{"name":"wp","href":"https:\/\/api.w.org\/{rel}","templated":true}]}}

Cotisation élève avocat adhérent RAJF

<p>Cotisation annuelle élève avocat adhérent RAJF</p>
